s the thousands digit of 2192?
2
What is the tens digit of 13157?
5
What is the hundreds digit of 23525?
5
What is the hundreds digit of 3509?
5
What is the units digit of 192896?
6
What is the tens digit of 4502?
0
What is the tens digit of 8535?
3
What is the tens digit of 1746?
4
What is the thousands digit of 1646?
1
What is the thousands digit of 65468?
5
What is the thousands digit of 26639?
6
What is the thousands digit of 27272?
7
What is the units digit of 9384?
4
What is the units digit of 10822?
2
What is the thousands digit of 2893?
2
What is the tens digit of 11749?
4
What is the units digit of 383?
3
What is the units digit of 29344?
4
What is the hundreds digit of 56131?
1
What is the hundreds digit of 6830?
8
What is the hundreds digit of 11581?
5
What is the units digit of 288?
8
What is the ten thousands digit of 47031?
4
What is the tens digit of 2910?
1
What is the units digit of 54894?
4
What is the hundreds digit of 22108?
1
What is the tens digit of 334?
3
What is the tens digit of 4221?
2
What is the units digit of 28123?
3
What is the tens digit of 7142?
4
What is the thousands digit of 1165?
1
What is the thousands digit of 85664?
5
What is the hundreds digit of 2780?
7
What is the tens digit of 260?
6
What is the hundreds digit of 4583?
5
What is the ten thousands digit of 70935?
7
What is the hundreds digit of 623?
6
What is the tens digit of 4616?
1
What is the units digit of 135289?
9
What is the hundreds digit of 1245?
2
What is the thousands digit of 104763?
4
What is the thousands digit of 8320?
8
What is the units digit of 145236?
6
What is the units digit of 5799?
9
What is the units digit of 13158?
8
What is the hundreds digit of 2152?
1
What is the units digit of 124?
4
What is the tens digit of 11272?
7
What is the thousands digit of 1842?
1
What is the units digit of 3955?
5
What is the units digit of 1826?
6
What is the units digit of 6243?
3
What is the units digit of 33797?
7
What is the tens digit of 8794?
9
What is the thousands digit of 1008?
1
What is the hundreds digit of 566?
5
What is the units digit of 28306?
6
What is the hundreds digit of 1528?
5
What is the hundreds digit of 4650?
6
What is the units digit of 689?
9
What is the units digit of 4735?
5
What is the tens digit of 290?
9
What is the tens digit of 98231?
3
What is the hundreds digit of 1268?
2
What is the tens digit of 56697?
9
What is the units digit of 5277?
7
What is the tens digit of 5821?
2
What is the hundreds digit of 12914?
9
What is the hundreds digit of 18494?
4
What is the hundreds digit of 8449?
4
What is the thousands digit of 1258?
1
What is the units digit of 789?
9
What is the tens digit of 29186?
8
What is the ten thousands digit of 12348?
1
What is the units digit of 20080?
0
What is the hundreds digit of 699?
6
What is the hundreds digit of 12905?
9
What is the tens digit of 496?
9
What is the tens digit of 9564?
6
What is the thousands digit of 48260?
8
What is the hundreds digit of 881?
8
What is the hundred thousands digit of 109920?
1
What is the hundreds digit of 180455?
4
What is the thousands digit of 74249?
4
What is the units digit of 19572?
2
What is the tens digit of 3442?
4
What is the tens digit of 1649?
4
What is the units digit of 114265?
5
What is the ten thousands digit of 44683?
4
What is the units digit of 140171?
1
What is the units digit of 3574?
4
What is the hundreds digit of 762?
7
What is the tens digit of 543?
4
What is the thousands digit of 7951?
7
What is the units digit of 2006?
6
What is the ten thousands digit of 13987?
1
What is the hundreds digit of 163?
1
What is the hundreds digit of 62735?
7
What is the tens digit of 436?
3
What is the units digit of 5180?
0
What is the units digit of 3232?
2
What is the units digit of 214?
4
What is the thousands digit of 3518?
3
What is the units digit of 9945?
5
What is the hundreds digit of 3874?
8
What is the tens digit of 101356?
5
What is the thousands digit of 2767?
2
What is the ten thousands digit of 20083?
2
What is the ten thousands digit of 14513?
1
What is the thousands digit of 2235?
2
What is the units digit of 781?
1
What is the units digit of 118820?
0
What is the tens digit of 1002?
0
What is the tens digit of 1700?
0
What is the thousands digit of 71015?
1
What is the hundreds digit of 561?
5
What is the units digit of 1943?
3
What is the units digit of 78313?
3
What is the units digit of 42839?
9
What is the ten thousands digit of 89228?
8
What is the units digit of 1983?
3
What is the thousands digit of 33184?
3
What is the tens digit of 114889?
8
What is the thousands digit of 9809?
9
What is the tens digit of 47589?
8
What is the units digit of 4626?
6
What is the units digit of 75357?
7
What is the hundreds digit of 17638?
6
What is the units digit of 1066?
6
What is the hundreds digit of 1637?
6
What is the thousands digit of 95433?
5
What is the units digit of 8104?
4
What is the hundreds digit of 11153?
1
What is the thousands digit of 37207?
7
What is the thousands digit of 25982?
5
What is the hundreds digit of 342?
3
What is the tens digit of 11363?
6
What is the tens digit of 1163?
6
What is the thousands digit of 35377?
5
What is the hundreds digit of 119?
1
What is the hundreds digit of 631?
6
What is the units digit of 87?
7
What is the units digit of 81546?
6
What is the hundred thousands digit of 138563?
1
What is the units digit of 4431?
1
What is the thousands digit of 69352?
9
What is the units digit of 8614?
4
What is the thousands digit of 4373?
4
What is the units digit of 15759?
9
What is the thousands digit of 16518?
6
What is the hundreds digit of 3097?
0
What is the ten thousands digit of 24880?
2
What is the units digit of 963?
3
What is the tens digit of 1390?
9
What is the units digit of 8373?
3
What is the tens digit of 17505?
0
What is the tens digit of 43?
4
What is the ten thousands digit of 14552?
1
What is the ten thousands digit of 40119?
4
What is the thousands digit of 11728?
1
What is the hundreds digit of 54030?
0
What is the units digit of 23525?
5
What is the tens digit of 905?
0
What is the units digit of 38?
8
What is the thousands digit of 1069?
1
What is the hundreds digit of 11126?
1
What is the ten thousands digit of 99146?
9
What is the units digit of 4106?
6
What is the tens digit of 416?
1
What is the ten thousands digit of 73588?
7
What is the tens digit of 15165?
6
What is the tens digit of 3708?
0
What is the thousands digit of 21303?
1
What is the units digit of 1601?
1
What is the thousands digit of 18832?
8
What is the tens digit of 49229?
2
What is the hundreds digit of 3363?
3
What is the ten thousands digit of 51345?
5
What is the hundreds digit of 1332?
3
What is the tens digit of 713?
1
What is the tens digit of 483?
8
What is the thousands digit of 47241?
7
What is the units digit of 878?
8
What is the hundreds digit of 1020?
0
What is the tens digit of 22429?
2
What is the thousands digit of 5208?
5
What is the hundreds digit of 4431?
4
What is the units digit of 5048?
8
What is the thousands digit of 1315?
1
What is the units digit of 8852?
2
What is the units digit of 518?
8
What is the thousands digit of 3714?
3
What is the tens digit of 61?
6
What is the tens digit of 986?
8
What is the units digit of 39168?
8
What is the hundreds digit of 21195?
1
What is the units digit of 133?
3
What is the hundreds digit of 2519?
5
What is the tens digit of 4044?
4
What is the units digit of 1867?
7
What is the thousands digit of 3437?
3
What is the tens digit of 8342?
4
What is the tens digit of 752?
5
What is the units digit of 1813?
3
What is the thousands digit of 107936?
7
What is the units digit of 1905?
5
What is the hundreds digit of 634?
6
What is the hundred thousands digit of 113218?
1
What is the tens digit of 12960?
6
What is the hundreds digit of 18973?
9
What is the hundreds digit of 102916?
9
What is the units digit of 2455?
5
What is the units digit of 1174?
4
What is the units digit of 542?
2
What is the units digit of 82?
2
What is the tens digit of 70441?
4
What is the units digit of 3297?
7
What is the tens digit of 763?
6
What is the ten thousands digit of 15943?
1
What is the ten thousands digit of 14055?
1
What is the units digit of 83073?